e the remainder when 1425933 is divided by 297.
36
Calculate the remainder when 27372 is divided by 4348.
1284
What is the remainder when 385271 is divided by 77043?
56
What is the remainder when 366489 is divided by 45806?
41
Calculate the remainder when 385473 is divided by 8243.
6295
What is the remainder when 151194 is divided by 1363?
1264
What is the remainder when 19593 is divided by 1783?
1763
What is the remainder when 70004 is divided by 167?
31
Calculate the remainder when 49219 is divided by 24.
19
What is the remainder when 25004727 is divided by 189?
27
What is the remainder when 47934 is divided by 2793?
453
Calculate the remainder when 126552 is divided by 14061.
3
What is the remainder when 72439448 is divided by 273?
263
What is the remainder when 39314188 is divided by 15?
13
Calculate the remainder when 852581 is divided by 2203.
20
Calculate the remainder when 73081901 is divided by 22.
13
What is the remainder when 455476 is divided by 30?
16
Calculate the remainder when 1739273 is divided by 203.
172
What is the remainder when 24729 is divided by 1668?
1377
Calculate the remainder when 6105697 is divided by 842.
355
Calculate the remainder when 2764833 is divided by 25.
8
Calculate the remainder when 119664 is divided by 998.
902
What is the remainder when 270424 is divided by 1326?
1246
Calculate the remainder when 277470 is divided by 275809.
1661
Calculate the remainder when 10010738 is divided by 3336908.
14
Calculate the remainder when 549469 is divided by 2938.
63
Calculate the remainder when 1006767 is divided by 335582.
21
Calculate the remainder when 57487 is divided by 1987.
1851
What is the remainder when 320177 is divided by 107?
33
Calculate the remainder when 681670 is divided by 85206.
22
Calculate the remainder when 2743470 is divided by 25.
20
Calculate the remainder when 55664123 is divided by 1375.
1373
What is the remainder when 808219 is divided by 1433?
7
What is the remainder when 48801965 is divided by 2552?
69
Calculate the remainder when 120087 is divided by 59862.
363
Calculate the remainder when 102655 is divided by 182.
7
Calculate the remainder when 1252407 is divided by 19874.
345
Calculate the remainder when 9406718 is divided by 1150.
868
Calculate the remainder when 50985 is divided by 6.
3
Calculate the remainder when 42814101 is divided by 10703525.
1
What is the remainder when 39388421 is divided by 5367?
8
What is the remainder when 14550798 is divided by 60?
18
Calculate the remainder when 40115 is divided by 1001.
75
Calculate the remainder when 202641 is divided by 1680.
1041
Calculate the remainder when 36030107 is divided by 6005017.
5
Calculate the remainder when 1648850 is divided by 41.
35
What is the remainder when 50307456 is divided by 128?
0
What is the remainder when 101115059 is divided by 4328?
4323
Calculate the remainder when 247986 is divided by 2241.
1476
Calculate the remainder when 200195122 is divided by 37.
36
What is the remainder when 342093 is divided by 1217?
116
Calculate the remainder when 157967290 is divided by 29.
27
Calculate the remainder when 14695 is divided by 750.
445
What is the remainder when 1262705 is divided by 37107?
1067
What is the remainder when 3239456 is divided by 63?
59
Calculate the remainder when 227582 is divided by 12.
2
What is the remainder when 56648 is divided by 468?
20
Calculate the remainder when 38894552 is divided by 27.
26
Calculate the remainder when 562713 is divided by 19401.
84
Calculate the remainder when 10216667 is divided by 495.
362
Calculate the remainder when 107882 is divided by 937.
127
What is the remainder when 48743 is divided by 2895?
2423
Calculate the remainder when 15245017 is divided by 56.
25
What is the remainder when 57418809 is divided by 72959?
76
What is the remainder when 313194 is divided by 10073?
931
Calculate the remainder when 3522271 is divided by 9571.
143
Calculate the remainder when 109105152 is divided by 43712.
0
Calculate the remainder when 17727 is divided by 8020.
1687
What is the remainder when 130758 is divided by 18665?
103
Calculate the remainder when 1250720 is divided by 436.
272
What is the remainder when 28490 is divided by 26246?
2244
What is the remainder when 55808 is divided by 1868?
1636
What is the remainder when 3473557 is divided by 868386?
13
Calculate the remainder when 28493301 is divided by 1762.
1761
Calculate the remainder when 455245 is divided by 113749.
249
What is the remainder when 13862 is divided by 13324?
538
Calculate the remainder when 26752844 is divided by 93.
92
What is the remainder when 23793855 is divided by 2643759?
24
Calculate the remainder when 40592 is divided by 339.
251
What is the remainder when 22013105 is divided by 80?
65
What is the remainder when 1357869 is divided by 12?
9
What is the remainder when 2280206 is divided by 3115?
26
Calculate the remainder when 172924 is divided by 1271.
68
What is the remainder when 6118568 is divided by 5386?
72
What is the remainder when 181417 is divided by 331?
29
Calculate the remainder when 131105 is divided by 127620.
3485
Calculate the remainder when 4718028 is divided by 174739.
75
Calculate the remainder when 154559273 is divided by 259.
246
What is the remainder when 578919 is divided by 1080?
39
What is the remainder when 292311808 is divided by 90?
88
Calculate the remainder when 2550 is divided by 1492.
1058
What is the remainder when 211903 is divided by 21165?
253
What is the remainder when 476735 is divided by 985?
980
What is the remainder when 526754 is divided by 6282?
5348
Calculate the remainder when 18293 is divided by 383.
292
Calculate the remainder when 722634 is divided by 21898.
0
What is the remainder when 1599209 is divided by 483?
479
Calculate the remainder when 20611335 is divided by 10415.
50
Calculate the remainder when 6480839 is divided by 6716.
6615
What is the remainder when 794840 is divided by 475?
165
Calculate the remainder when 73133 is divided by 876.
425
Calculate the remainder when 134684 is divided by 3130.
94
What is the remainder when 24712367 is divided by 71?
36
Calculate the remainder when 1272139 is divided by 198.
187
What is the remainder when 379456739 is divided by 930?
929
What is the remainder when 2384229 is divided by 397310?
369
Calculate the remainder when 2681541 is divided by 3416.
3397
What is the remainder when 14668 is divided by 1505?
1123
Calculate the remainder when 160720 is divided by 9324.
2212
What is the remainder when 32004578 is divided by 1198?
8
Calculate the remainder when 17046 is divided by 3121.
1441
Calculate the remainder when 114975 is divided by 8200.
175
What is the remainder when 1655558 is divided by 2128?
2102
Calculate the remainder when 3642379 is divided by 910591.
15
Calculate the remainder when 61194445 is divided by 148.
145
Calculate the remainder when 382206 is divided by 645.
366
What is the remainder when 470816 is divided by 348?
320
What is the remainder when 767137 is divided by 319?
261
Calculate the remainder when 459800 is divided by 6312.
5336
Calculate the remainder when 33502298 is divided by 1.
0
What is the remainder when 1215027 is divided by 378?
135
Calculate the remainder when 92120 is divided by 1301.
1050
Calculate the remainder when 433817196 is divided by 80.
76
What is the remainder when 14177370 is divided by 10?
0
What is the remainder when 8520542 is divided by 1458?
1448
Calculate the remainder when 318810 is divided by 159371.
68
What is the remainder when 19044 is divided by 4757?
16
Calculate the remainder when 1650737 is divided by 412624.
241
What is the remainder when 2728507 is divided by 36?
31
What is the remainder when 160353760 is divided by 495?
490
Calculate the remainder when 4476853 is divided by 4130.
4063
What is the remainder when 80955342 is divided by 8477?
8469
What is the remainder when 2822788 is divided by 37637?
13
Calculate the remainder when 792210909 is divided by 1090.
1089
What is the remainder when 11756542 is divided by 2351308?
2
What is the remainder when 1311803897 is divided by 20?
17
What is the remainder when 467935 is divided by 4824?
7
What is the remainder when 47007546 is divided by 79?
18
What is the remainder when 129247786